{"id":2,"date":"2018-04-05T07:24:30","date_gmt":"2018-04-05T07:24:30","guid":{"rendered":"http:\/\/www.sportingclubpartanna.com\/?page_id=2"},"modified":"2018-05-21T09:27:47","modified_gmt":"2018-05-21T09:27:47","slug":"sample-page","status":"publish","type":"page","link":"https:\/\/www.sportingclubpartanna.com\/index.php\/sample-page\/","title":{"rendered":"25a Coppa Citt\u00e0 di Partanna"},"content":{"rendered":"<p><a href=\"http:\/\/www.sportingclubpartanna.com\/wp-content\/uploads\/2018\/04\/25testata.jpg\"><img loading=\"lazy\" decoding=\"async\" class=\"alignnone size-medium wp-image-7\" src=\"http:\/\/www.sportingclubpartanna.com\/wp-content\/uploads\/2018\/04\/25testata-300x131.jpg\" alt=\"25testata\" width=\"300\" height=\"131\" srcset=\"https:\/\/www.sportingclubpartanna.com\/wp-content\/uploads\/2018\/04\/25testata-300x131.jpg 300w, https:\/\/www.sportingclubpartanna.com\/wp-content\/uploads\/2018\/04\/25testata-1024x445.jpg 1024w\" sizes=\"(max-width: 300px) 100vw, 300px\" \/><\/a><\/p>\n<p>Ci siamo, inizia il conto alla rovescia per la gara pi\u00f9 antica della Sicilia.<\/p>\n<p><a href=\"http:\/\/www.sportingclubpartanna.com\/wp-content\/uploads\/2018\/04\/25locandinaweb.jpg\"><img loading=\"lazy\" decoding=\"async\" class=\"alignnone size-medium wp-image-6\" src=\"http:\/\/www.sportingclubpartanna.com\/wp-content\/uploads\/2018\/04\/25locandinaweb-209x300.jpg\" alt=\"25locandinaweb\" width=\"209\" height=\"300\" srcset=\"https:\/\/www.sportingclubpartanna.com\/wp-content\/uploads\/2018\/04\/25locandinaweb-209x300.jpg 209w, https:\/\/www.sportingclubpartanna.com\/wp-content\/uploads\/2018\/04\/25locandinaweb-714x1024.jpg 714w\" sizes=\"(max-width: 209px) 100vw, 209px\" \/><\/a><\/p>\n<p>La gara sar\u00e0 valida per la Coppa Aci Sport 5^ zona e per il\u00a0Campionato Siciliano Slalom 2^Zona, annullata la regolarit\u00e0 slalom (specialit\u00e0 sperimentata nelle 2 precedenti edizioni)<\/p>\n<p><strong>PROGRAMMA della manifestazione<\/strong><\/p>\n<ul>\n<li>17 maggio 2018 Cerimonia di presentazione della gara automobilistica presso il Castello Grifeo;<\/li>\n<li>19 maggio 2018 Verifiche ante gara presso l&#8217;ex Pretura Piazza Rocco Chinnici dalle ore 15,00 alle ore 20,00;<\/li>\n<li>19 maggio 2018 dalle ore 00,00 parco chiuso autovetture;<\/li>\n<li>20 maggio 2018 dalle ore 9,00 gara automobilistica;<\/li>\n<li>20 maggio 2018 dalle ore 16,00 cerimonia di premiazione &#8211; Castello Grifeo.<\/li>\n<\/ul>\n<p>La gara si disputer\u00e0 domenica 20 maggio 2018 sulla ormai collaudata SP 26 da Salaparuta verso Partanna, alle\u00a0ore 7:00 verr\u00e0 chiusa al transito per poter dare il via alla preparazione percorso per sistemare le 14 barriere a birillo.<\/p>\n<p>Lo start \u00e8 previsto alle ore 9:00 sul tracciato di 2,990km da ripetersi 3 volte senza giro di ricognizione.<\/p>\n<p>Alle ore 16:00 all&#8217;interno del suggestivo scenario delle scuderie del Castello Grifeo di Partanna, avverr\u00e0 la premiazione, alla presenza delle autorit\u00e0 locali e del neo presidente Bartolo Mistretta.<\/p>\n<p><a href=\"http:\/\/www.sportingclubpartanna.com\/index.php\/sample-page\/25pgmgara\/\" rel=\"attachment wp-att-24\">25Programmadigara<\/a><\/p>\n<p><a href=\"http:\/\/www.sportingclubpartanna.com\/index.php\/sample-page\/25schedaiscrizione\/\" rel=\"attachment wp-att-25\">25SCHEDAISCRIZIONE<\/a><\/p>\n<p><a href=\"http:\/\/www.sportingclubpartanna.com\/index.php\/sample-page\/scheda-di-sicurezza\/\" rel=\"attachment wp-att-26\">SchedadiSicurezza<\/a><\/p>\n<p><a href=\"http:\/\/www.sportingclubpartanna.com\/index.php\/sample-page\/rpg-approvato\/\" rel=\"attachment wp-att-27\">RPG approvato<\/a><\/p>\n<p><a href=\"http:\/\/www.sportingclubpartanna.com\/index.php\/sample-page\/25percorso\/\" rel=\"attachment wp-att-34\">25percorso<\/a><\/p>\n<p><a href=\"http:\/\/www.sportingclubpartanna.com\/index.php\/sample-page\/25cartina\/\" rel=\"attachment wp-att-35\">25cartina<\/a><\/p>\n<p><a href=\"http:\/\/www.sportingclubpartanna.com\/index.php\/sample-page\/elenco-iscritti-2018\/\" rel=\"attachment wp-att-40\">Elenco iscritti 2018<\/a><\/p>\n<p>A Giuseppe Castiglione la Coppa Citt\u00e0 di Partanna<\/p>\n<p><a href=\"http:\/\/www.sportingclubpartanna.com\/index.php\/sample-page\/giuseppe-castiglione-vincitore-25-coppa-citta-di-partanna\/\" rel=\"attachment wp-att-42\"><img loading=\"lazy\" decoding=\"async\" class=\"alignnone size-medium wp-image-42\" src=\"http:\/\/www.sportingclubpartanna.com\/wp-content\/uploads\/2018\/05\/giuseppe-castiglione-vincitore-25^-coppa-citt\u00e0-di-partanna-300x168.jpg\" alt=\"\" width=\"300\" height=\"168\" srcset=\"https:\/\/www.sportingclubpartanna.com\/wp-content\/uploads\/2018\/05\/giuseppe-castiglione-vincitore-25^-coppa-citt\u00e0-di-partanna-300x168.jpg 300w, https:\/\/www.sportingclubpartanna.com\/wp-content\/uploads\/2018\/05\/giuseppe-castiglione-vincitore-25^-coppa-citt\u00e0-di-partanna.jpg 750w\" sizes=\"(max-width: 300px) 100vw, 300px\" \/><\/a><\/p>\n<p>Giuseppe Castiglione, dopo una battaglia agguerrita con Girolamo Ingardia, ha vinto, per soli 5 centesimi, la 25^ edizione dello slalom Coppa Citt\u00e0 di Partanna, gara valevole per la Coppa Acisport e per il Campionato Siciliano. Sul terzo gradino del podio \u00e8 salito Giuseppe Virgilio.<\/p>\n<p>Una splendida giornata di primavera ha fatto da scenario alla 25^ edizione della Coppa Citt\u00e0 di Partanna, gara valevole per la Coppa Aci Sport quinta zona e per il Campionato siciliano seconda zona, organizzata dalla associazione sportiva Sporting Club Partanna e corsasi oggi nella cittadina della Valle del Belice.<\/p>\n<p>Al termine di tre entusiasmanti manche di gara \u00e8 stato il giovane Giuseppe Castiglione, su Radical Pro Sport, ad imporsi. Il pilota trapanese \u00e8 riuscito a far sua la gara grazie a una manche finale strepitosa e impeccabile, dove ha totalizzato 132,78 punti. Un po\u2019 di amaro in bocca per un altro driver dal piede pesante, Girolamo Ingardia, passato quest\u2019anno a condurre una Radical Pro Sport, vettura della classe regina degli slalom. Il portacolori della Trapani Corse, passato al comando nella seconda salita, si \u00e8 poi dovuto accontentare della seconda posizione in classifica, per soli 5 centesimi, perch\u00e9 penalizzato dall\u2019abbattimento di un birillo nella manche conclusiva. Terza prova decisiva per agguantare l\u2019ultima posizione sul podio anche per Giuseppe Virgilio, vincitore della passata edizione. Il pilota di Buseto Palazzolo, al via con una Radical Sr4, ha totalizzato 139,44 punti, dopo esser stato penalizzato, per l\u2019abbattimento di alcuni birilli nelle prime due salite.<\/p>\n<p>Eccellente la prestazione di Michele Poma, quarto al termine, che continua a lasciare il segno con la sua Ghipard motorizzata Suzuki. Poma ha compiuto una gara in rimonta dopo essere incappato in una penalit\u00e0 in avvio. Andrea Foder\u00e0 \u00e8 riuscito a difendere la quinta posizione dopo non esser riuscito a completare la manche conclusiva. Nicola Incammisa ha portato a casa una dignitosa sesta piazza. Non \u00e8 riuscito ad andare oltre il settimo posto il driver di casa Vito Molinari.<\/p>\n<p>Antonino Di Matteo ha condotto la sua Formula Gloria in ottava posizione. Hanno concluso la Top Ten Antonino Bucceri e Manuel D\u2019Antoni, vincitore del Gruppo Prototipi. Tra le dame il successo \u00e8 andato alla campionessa italiana di categoria Enza Allotta.<\/p>\n<p>\u201cSiamo soddisfatti per la riuscita della manifestazione\u00a0\u00a0\u2013 ha detto Bartolomeo Mistretta presidente dello Sporting Club \u2013 il pubblico \u00e8 accorso numeroso per assistere alla gara, speriamo di poter crescere di validit\u00e0 il prossimo anno\u201d.<\/p>\n<p>Classifica Generale<\/p>\n<p>1)\u00a0\u00a0\u00a0\u00a0Giuseppe Castiglione Radical Prosport punti 132,78<\/p>\n<p>2)\u00a0\u00a0\u00a0\u00a0Girolamo Ingardia Radical Sr 4 a 0,05<\/p>\n<p>3)\u00a0\u00a0\u00a0\u00a0Giuseppe Virgilio Radical Sr 4 a 6,66<\/p>\n<p>4)\u00a0\u00a0\u00a0\u00a0Michele Poma Ghipard Suzuki a 8,92<\/p>\n<p>5)\u00a0\u00a0\u00a0\u00a0Andre\u00e0 Foder\u00e0 Formula Junior a 9,92<\/p>\n<p>6)\u00a0\u00a0\u00a0\u00a0Nicol\u00f2 Incammisa Radical Sr 4 a 12,43<\/p>\n<p>7)\u00a0\u00a0\u00a0\u00a0Vito Molinari Radical Sr 4 a 16,30<\/p>\n<p>8)\u00a0\u00a0\u00a0\u00a0Antonino Di Matteo Formula Gloria a 17,02<\/p>\n<p>9)\u00a0\u00a0\u00a0\u00a0Antonino Bucceri Fiat 500 Suzuki a 17,25<\/p>\n<p>10)\u00a0\u00a0Manuel D\u2019Antoni Fiat 500 a 19,33<\/p>\n<p>&nbsp;<\/p>\n","protected":false},"excerpt":{"rendered":"<p>Ci siamo, inizia il conto alla rovescia per la gara pi\u00f9 antica della Sicilia. La gara sar\u00e0 valida per la Coppa Aci Sport 5^ zona e per il\u00a0Campionato Siciliano Slalom 2^Zona, annullata la regolarit\u00e0 slalom (specialit\u00e0 sperimentata nelle 2 precedenti edizioni) PROGRAMMA della manifestazione 17 maggio 2018 Cerimonia di presentazione della gara automobilistica presso il [&hellip;]<\/p>\n","protected":false},"author":1,"featured_media":0,"parent":0,"menu_order":0,"comment_status":"open","ping_status":"open","template":"","meta":{"footnotes":""},"_links":{"self":[{"href":"https:\/\/www.sportingclubpartanna.com\/index.php\/wp-json\/wp\/v2\/pages\/2"}],"collection":[{"href":"https:\/\/www.sportingclubpartanna.com\/index.php\/wp-json\/wp\/v2\/pages"}],"about":[{"href":"https:\/\/www.sportingclubpartanna.com\/index.php\/wp-json\/wp\/v2\/types\/page"}],"author":[{"embeddable":true,"href":"https:\/\/www.sportingclubpartanna.com\/index.php\/wp-json\/wp\/v2\/users\/1"}],"replies":[{"embeddable":true,"href":"https:\/\/www.sportingclubpartanna.com\/index.php\/wp-json\/wp\/v2\/comments?post=2"}],"version-history":[{"count":13,"href":"https:\/\/www.sportingclubpartanna.com\/index.php\/wp-json\/wp\/v2\/pages\/2\/revisions"}],"predecessor-version":[{"id":43,"href":"https:\/\/www.sportingclubpartanna.com\/index.php\/wp-json\/wp\/v2\/pages\/2\/revisions\/43"}],"wp:attachment":[{"href":"https:\/\/www.sportingclubpartanna.com\/index.php\/wp-json\/wp\/v2\/media?parent=2"}],"curies":[{"name":"wp","href":"https:\/\/api.w.org\/{rel}","templated":true}]}}